Calculate -1 + -2 + 1 - -3.
1
Calculate -15 + 11 - (1 + -3 + 0).
-2
Evaluate 2 - (4 + 2) - (1 - 4).
-1
16 - 14 - -1 - (4 - 1)
0
27 + -32 + 0 + 2
-3
What is the value of 4 - (2 + -9 - -12)?
-1
What is the value of -1 + (2 - -1) - (-4 + 5)?
1
Evaluate -12 - (-6 + (7 - 21)).
8
Calculate 7 - 7 - (0 + -6).
6
Calculate (-5 - -3) + -4 + 5.
-1
Evaluate 2 + 1 - 0 - (0 + 3).
0
What is the value of 26 - 23 - (1 + 5) - 2?
-5
Evaluate -2 + -1 - (6 - 12).
3
Evaluate -4 + 8 + (0 + -3 - -2).
3
Evaluate 0 - ((-3 - -1) + (-1 - -4)).
-1
0 - 3 - (48 - 49)
-2
What is the value of (5 - 9) + (4 - 1 - 0)?
-1
Calculate 0 - (-2 + 4 + -2) - -3.
3
What is -132 - -133 - (0 - 3)?
4
What is (2 - (3 - 0)) + -4?
-5
(-11 - 6) + 8 - -14
5
What is the value of -3 + 5 + -3 + 2?
1
What is the value of -4 - (3 + -10 + 4)?
-1
What is -2 + (3 - (5 - 3))?
-1
What is the value of 16 + -6 + -5 - 2?
3
What is the value of 14 + -15 + (0 - 2)?
-3
-1 + (-3 - -2) - -1
-1
What is the value of (0 - 11) + -1 + 10?
-2
What is 7 + -2 - (14 - 6)?
-3
What is (-4 - (-6 - -3)) + -4?
-5
Calculate (1 - 3) + 3 - -2.
3
What is the value of 7 + (-15 - -3 - -6)?
1
Calculate 7 + (8 - 27 - -14).
2
What is (5 - 1) + -9 - 2?
-7
Calculate -6 + -7 + (7 - -11).
5
Calculate -6 - 3 - (-4 + -2).
-3
What is -5 - (-3 + 1 - 6)?
3
-1 + (4 - 0) + -5 + -1
-3
What is the value of -4 - ((3 - 6) + -3)?
2
What is -4 + (8 - 4 - 6) + 4?
-2
(5 + (4 - 11) - -2) + -1
-1
-1 + 3 - (3 + -5)
4
Evaluate (1 - 1) + (-5 - -11 - 9).
-3
What is the value of 1 - -2 - (9 - 1)?
-5
(6 - 0 - 12) + 11
5
Evaluate -3 + 7 + 1 + -5.
0
What is the value of -2 + 9 + 5 - (2 - -3)?
7
What is 2 - (-1 + 0 - -7 - -1)?
-5
Calculate 0 + 11 + -14 + 7.
4
-1 - -1 - (2 + (10 - 8))
-4
-6 + -5 + 10 + 4 + 1
4
-2 - (5 + 7) - -14
0
What is -1 + 8 + 1 + (-154 - -153)?
7
What is -6 + (7 + -4 - (1 + 1))?
-5
What is the value of 8 + -19 + 2 + 3 + 2?
-4
What is (-7 - -2) + 8 - 0?
3
-5 + (-7 - (3 - 10))
-5
What is the value of 9 - 0 - 11 - -8?
6
What is the value of (1 - 0) + -3 + -1?
-3
6 - ((7 - 3) + 0) - 2
0
What is -3 + -2 - (6 - (8 + -4))?
-7
Evaluate -5 + -4 + (12 - -3).
6
Calculate (1 - 3) + 4 + (-9 - -2).
-5
0 - (1 - 6) - 0
5
What is (-2 - 1 - -6) + -7?
-4
Evaluate -5 + (1 - 7) + 9.
-2
Calculate 7 + ((-4 - 0) + -1 - 1).
1
Calculate 3 - (-5 + 2) - 5.
1
Evaluate (15 - (-7 + 8)) + -8 + -1.
5
Evaluate 0 - (-3 + 7 + -1).
-3
What is the value of 4 + (-6 - (-5 - -1))?
2
0 + 8 + -14 + 8
2
What is the value of (-10 - -15) + 5 - 3?
7
What is the value of -8 + (2 - -4) - 7 - -5?
-4
(-5 + 8 - 1) + (-2 - 0)
0
What is -271 - -285 - (-2 - (-2 - 6))?
8
What is the value of 12 + (-7 + (6 - 7) - 0)?
4
What is -6 + 1 - (57 - 58)?
-4
Evaluate 2 + -1 + 3 - (19 - 9).
-6
Evaluate -8 + 3 + -2 + (0 - -2).
-5
Evaluate 0 - -4 - (3 + (3 - 5)).
3
Calculate (0 + 2 - -1) + (-5 - -7).
5
(-8 - -2) + -6 + 6 - -3
-3
Evaluate -5 + -1 + 11 + 0 + -4.
1
What is 4 + 5 + (-5 - (-2 - -4))?
2
Evaluate 3 - (-1 + 9) - -11.
6
22 + -7 + -3 - (0 - -6)
6
What is the value of 2 - (-1 - -1 - -3)?
-1
11 - ((12 - 2) + -5)
6
Calculate -3 - (-17 + 1 - (-5 - 2)).
6
What is 6 + (-8 - -8 - (3 - 0))?
3
What is the value of 8 + -7 - (1 + 2 - 6)?
4
What is (14 - 19) + (1 - (-1 + -1))?
-2
0 + (4 - 1) + -4 + -4
-5
8 + 7 + -8 + -6
1
What is (4 + -5 - 5) + 17 - 2?
9
What is 1 + 0 + -1 + -4 + 0?
-4
Calculate 3 + (3 - (11 + -3)).
-2
What is the value of (-3 - -2) + (2 - 1)?
0
Calculate 5 + 1 + 1 + -3.
4
What is the value of 0 + 3 + 10 + -11?
2
1 - (1 - (-6 + 5))
-1
What is (-10 - (-2 - 2)) + 1 + 2?
-3
What is the value of 5 + -1 + -3 + -3?
-2
Calculate -11 + 11 - (-1 - 4).
5
-15 + 17 + 1 + -5
-2
-13 + 11 + -1 + 3
0
1 + -6 - (-4 + 3 - 2)
-2
-12 + (3 - -5) - -12
8
19 - (-4 - -13) - 13
-3
Calculate (1 - 6) + 12 + -3.
4
-5 - (-3 + 1) - 2
-5
What is -5 + 8 - (-10 + (1 - -5))?
7
Calculate -2 - (-1 + 2 - -1 - 4).
0
2 + (1 - 2) - 4
-3
What is 6 - (-4 - (-7 - 0) - -1)?
2
Calculate 9 - (7 - (-1 + 4)).
5
What is (0 - -2 - -1) + (30 - 30)?
3
(1 - 5) + 1 - (2 - 10)
5
What is the value of 6 + -2 + -6 + -1?
-3
Evaluate (-2 - (-2 + -2)) + (1 - -1).
4
What is -3 + -1 - (3 + -10 + 4)?
-1
-4 - (0 + 0) - (-9 + 10)
-5
What is -5 - (-3 - (3 + -1))?
0
What is -15 - (2 - (-3 - (5 + -17)))?
-8
What is (-1 - 1) + 1 + -5 + 2?
-4
What is the value of 130 + -135 - ((-1 - 7) + 1)?
2
What is -2 - -1 - 2 - -1 - 0?
-2
(2 - 4 - -1) + 0 + -3
-4
What is 4 + -11 + 2 + -1?
-6
6 + -3 + (-6 - (3 + -3))
-3
What is -3 - 2 - (-30 - -18)?
7
0 - (1 - 1) - -5
5
What is the value of 0 - -5 - (-6 - -9)?
2
Evaluate (1 - (5 - 4)) + (0 - 1).
-1
What is the value of 12 - (3 + -10 + 29)?
-10
Evaluate 6 + -5 - 5 - -5.
1
What is -123 + 136 - ((5 - -1) + 0)?
7
Calculate 1 + -5 + 5 + 1.
2
What is (-9 - 5) + 22 - 9?
-1
What is (-3 - -2 - 6) + (3 - 3)?
-7
Evaluate 1 - 2 - (3 - (-1 + 0)).
-5
Evaluate -4 + (-1 - -6) - 2.
-1
What is 3 + -7 + -5 + 4?
-5
Calculate 5 - (0 - -1) - 0.
4
What is 13 - (-6 - -4 - -12)?
3
-7 + 5 + 0 + 7
5
0 - (-2 - -4) - (-9 - -7)
0
-10 + 10 - 6 - (-4 + 4)
-6
What is 3 - 4 - -5 - 4 - 5?
-5
What is 6 - (-13 - -6 - -3 - -17)?
-7
Calculate 68 + -70 - (1 - 0).
-3
What is -3 - (4 - (1 - 0))?
-6
What is (-2 + -4 - 1) + (-10 - -11)?
-6
Calculate 4 - (2 - (-5 - -3)).
0
Evaluate (-2 - 0 - -3) + -8 + 5.
-2
1 + -1 + (0 - 4) + 0
-4
Evaluate -6 - -3 - -2 - 0 - -2.
1
What is 3 + -1 + 10 - 4?
8
What is the value of (-1 - -2) + -4 - (-56 - -48)?
5
Calculate -1 - 3 - (-2 + -5).
3
11 + -21 + 9 + (0 - 3)
-4
-3 - (-4 - 4 - -1)
4
5 - (6 - (-6 + 10 + -4))
-1
Evaluate 22 + -9 - (-3 - -19).
-3
What is the value of (2 - 1) + (1 - -3)?
5
Calculate -14 + 11 + 9 + -14.
-8
Calculate (1 + -4 - -4) + 0.
1
Calculate 0 + 4 - 2 - (0 + 2).
0
What is (-3 - -1) + (-4 - (8 - 12))?
-2
Calculate -22 + 19 - (-3 + 1).
-1
What is (-36 - -33) + -2 + 3 + -2?
-4
What is (1 - (3 + -2)) + -14 + 12?
-2
What is the value of -7 + (5 - ((-4 - -6) + -1))?
-3
What is the value of (-9 - -25) + (7 - 17)?
6
(-6 - (-7 + 7)) + 5
-1
-13 - ((-5 - -14) + -17)
-5
What is -2 - (-11 - (1 + -7))?
3
What is the value of 9 + -9 - (18 + -11)?
-7
What is (-3 + 2 - -4) + -5?
-2
What is 2 - (-6 + 4 + -1)?
5
Calculate 2 + 1 + -4 + 4.
3
-2 + (1 + 6 - (7 + 0))
-2
What is 0 + (4 - 9) + (0 - 1)?
-6
What is the value of -1 - 4 - (3 - 3 - 9)?
4
Calculate 2 + -5 + 0 - -3.
0
2 + (7 - 13) - (2 - 0)
-6
Evaluate 4 + -5 + 3 - (0 - -5).
-3
What is (-11 - 2) + 7 + 9?
3
Evaluate -3 - ((-9 - -4) + 5).
-3
Calculate (0 - -2) + -8 - -2.
-4
What is 0 - (-4 + (-4 - -6))?
2
Evaluate 4 + 0 + 0 + 19 + -23.
0
What is the value of 6 - (-1 + (-3 - -2) + 3)?
5
What is the value of -4 + -4 + -5 + 8?
-5
1 - (1 + 3) - -3 - 2
-2
What is -25 - -15 - -10 - 6?
-6
-9 + -7 + 31 + -7
8
What is the value of (-5 + 3 - (4 - 8)) + 3?
5
Calculate (0 - 3) + -2 - (-7 - 0).
2
Calculate (-1 - 3 - 0) + 0.
-4
Calculate -6 + (-11 + 5 - (-9 + -1)).
-2
Evaluate (0 - (-3 - -7)) + 1.
-3
Calculate -7 - (-28 - -8) - 8.
5
What is -3 - ((-5 - -3) + 1)?
-2
Evaluate (19 - 20 - (-7 - 0)) + -2.
4
What is the value of 3 + 0 - (5 - 3 - -2)?
-1
-1 - -3 - ((3 - 4) + 5)
-2
What is the value of 2 + 0 + 3 - -2?
7
What is 3 - (2 - 4 - -1 - -7)?
-3
Evaluate 5 - ((1 - (1 - -1)) + 2).
4
What is -12 - ((-6 + -2 - -2) + 0)?
-6
Evaluate 0 - 12 - -6 - -3.
-3
What is -1 + -2 - (-23 + 14)?
6
Calculate (0 - -5) + -3 - 1.
1
What is -10 + 18 + -8 + 3?
3
Calculate (35 - 38) + (3 - (3 - 1)).
-2
(1 - 3) + 3 + -15 - -5
-9
What is the value of (5 - 3) + 6 - 4?
4
Evaluate (0 + 2 - 0) + -2.
0
(-6 + 2 - -8) + 1
5
Evaluate -1 - ((4 - 1) + -9).
5
Evaluate 31 - 24 - (6 - -3).
-2
-1 - ((3 - 0) + -3)
-1
Calculate -2 + 1 + -9 + -1 + 5.
-6
Calculate 0 - (-4 - -3) - (-1 - -1).
1
What is -3 + 4 + 0 + (46 - 53)?
-6
What is the value of -5 - (6 + -5 - 10)?
4
What is (-3 - -2) + (0 - 2) + -2?
-5
Evaluate (-2 - -1) + 4 + -3 + 3.
3
Calculate (3 - 4) + 4 + -2 - 3.
-2
What is the value of -16 + 22 - (8 + -4)?
2
What is -3 + (-3 - -3) + 3?
0
Evaluate -9 + (8 + 1 - 1).
-1
What is the value of (2 - 2) + (-1 - -6) - 0?
5
-22 - -21 - (-5 - (-3 - -1))
2
Evaluate 12 - (-10 - 0 - -20).
2
Calculate 2 - (0 - 1) - 1.
2
-5 + 5 + (-1 - -4)
3
-254 - -253 - (6 - 1 - 1)
-5
(-2 - -6) + (3 - 2) + 0
5
What is (-4 - -6) + -3 + 6?
5
What is the value of (0 + 3 - -1 - 8) + 0?
-4
Calculate (4 - (-3 + 9)) + (1 - 4).
-5
What is (-3 - 1) + (1 + 4 - 4)?
-3
Evaluate